9
What are the prime factors of 266097?
3, 13, 6823
What are the prime factors of 7252736?
2, 41, 691
What are the prime factors of 20637254?
2, 11, 938057
What are the prime factors of 33188?
2, 8297
List the prime factors of 291946.
2, 61, 2393
List the prime factors of 1824945.
3, 5, 89, 1367
What are the prime factors of 32631958?
2, 1637, 9967
List the prime factors of 19452.
2, 3, 1621
List the prime factors of 285457.
285457
What are the prime factors of 1411737?
3, 470579
What are the prime factors of 237302?
2, 13, 9127
List the prime factors of 2076032.
2, 7, 331
List the prime factors of 347687.
59, 71, 83
List the prime factors of 486713.
486713
List the prime factors of 26869806.
2, 3, 47, 3529
List the prime factors of 28106380.
2, 5, 1405319
What are the prime factors of 8147042?
2, 4073521
List the prime factors of 1178424.
2, 3, 13, 1259
List the prime factors of 4821369.
3, 7, 229589
What are the prime factors of 2540869?
2540869
What are the prime factors of 7103818?
2, 3551909
What are the prime factors of 4006477?
4006477
What are the prime factors of 3880478?
2, 7, 277177
What are the prime factors of 271920?
2, 3, 5, 11, 103
What are the prime factors of 303533?
433, 701
List the prime factors of 5770081.
79, 73039
List the prime factors of 21982.
2, 29, 379
List the prime factors of 149247.
3, 7, 23, 103
What are the prime factors of 417271?
417271
What are the prime factors of 3835406?
2, 1917703
What are the prime factors of 1721856?
2, 3, 19, 59
List the prime factors of 866791.
31, 27961
List the prime factors of 351530.
2, 5, 35153
List the prime factors of 9938254.
2, 19, 23, 83, 137
List the prime factors of 18530271.
3, 2058919
What are the prime factors of 32399140?
2, 5, 1619957
List the prime factors of 33938.
2, 71, 239
What are the prime factors of 2468857?
29, 85133
List the prime factors of 32591539.
47, 693437
List the prime factors of 1869237.
3, 47, 491
List the prime factors of 24469063.
571, 42853
List the prime factors of 15744468.
2, 3, 151, 8689
What are the prime factors of 4362505?
5, 7, 124643
List the prime factors of 7709598.
2, 3, 13, 47, 701
What are the prime factors of 5909069?
29, 203761
List the prime factors of 1633788.
2, 3, 13, 3491
List the prime factors of 595921.
29, 20549
List the prime factors of 3268709.
17, 47, 4091
List the prime factors of 5614293.
3, 79, 23689
List the prime factors of 1273183.
47, 103, 263
List the prime factors of 1464554.
2, 7, 13, 619
List the prime factors of 14548234.
2, 7274117
What are the prime factors of 5851353?
3, 911, 2141
List the prime factors of 11765097.
3, 29, 45077
What are the prime factors of 36061?
36061
List the prime factors of 10851767.
31, 37, 9461
What are the prime factors of 5953889?
5953889
List the prime factors of 1393599.
3, 97, 4789
What are the prime factors of 62165?
5, 12433
What are the prime factors of 642024?
2, 3, 37, 241
List the prime factors of 358111.
13, 163
What are the prime factors of 8177842?
2, 1283, 3187
List the prime factors of 300692.
2, 7, 10739
List the prime factors of 628399.
628399
What are the prime factors of 4481252?
2, 1120313
What are the prime factors of 2834742?
2, 3, 472457
List the prime factors of 1267498.
2, 197, 3217
List the prime factors of 269530.
2, 5, 26953
What are the prime factors of 199707?
3, 66569
List the prime factors of 48235.
5, 11, 877
List the prime factors of 357298.
2, 227, 787
List the prime factors of 5100498.
2, 3, 13, 71, 307
List the prime factors of 43226871.
3, 1949, 7393
List the prime factors of 577730.
2, 5, 57773
What are the prime factors of 565836?
2, 3, 61, 773
List the prime factors of 1640371.
677, 2423
What are the prime factors of 167004?
2, 3, 4639
What are the prime factors of 513055?
5, 102611
List the prime factors of 469412.
2, 117353
List the prime factors of 16747.
16747
List the prime factors of 918498.
2, 3, 7, 19, 1151
What are the prime factors of 122062?
2, 61031
List the prime factors of 6446549.
53, 121633
List the prime factors of 4121621.
7, 71, 8293
What are the prime factors of 226941?
3, 11, 13, 23
List the prime factors of 9111607.
2579, 3533
What are the prime factors of 552112?
2, 11, 3137
List the prime factors of 242504.
2, 30313
List the prime factors of 321141.
3, 167, 641
What are the prime factors of 729086?
2, 364543
What are the prime factors of 81529?
7, 19, 613
List the prime factors of 4135485.
3, 5, 275699
List the prime factors of 495812.
2, 123953
What are the prime factors of 172193?
7, 17, 1447
List the prime factors of 278308.
2, 41, 1697
List the prime factors of 348193.
191, 1823
List the prime factors of 5385207.
3, 283, 6343
What are the prime factors of 235209?
3, 13, 37, 163
What are the prime factors of 21292?
2, 5323
List the prime factors of 2105459.
47, 44797
What are the prime factors of 4046264?
2, 67, 7549
What are the prime factors of 903982?
2, 19, 23789
What are the prime factors of 15521450?
2, 5, 7, 61, 727
List the prime factors of 15916238.
2, 13, 131, 4673
List the prime factors of 20300782.
2, 569, 17839
What are the prime factors of 1451025?
3, 5, 6449
List the prime factors of 416709.
3, 46301
List the prime factors of 7923009.
3, 457, 5779
List the prime factors of 82999.
7, 71, 167
What are the prime factors of 68830?
2, 5, 6883
List the prime factors of 6960555.
3, 5, 7, 19, 1163
List the prime factors of 364280.
2, 5, 7, 1301
What are the prime factors of 24437255?
5, 109, 44839
What are the prime factors of 13514687?
113, 199, 601
List the prime factors of 95855.
5, 19, 1009
List the prime factors of 515736.
2, 3, 13, 19, 29
What are the prime factors of 146214?
2, 3, 8123
List the prime factors of 1354840.
2, 5, 33871
List the prime factors of 100029.
3, 33343
List the prime factors of 1179326.
2, 97, 6079
What are the prime factors of 3341515?
5, 668303
List the prime factors of 1627358.
2, 61, 13339
What are the prime factors of 941376?
2, 3, 4903
What are the prime factors of 344714?
2, 172357
List the prime factors of 768759.
3, 19, 13487
List the prime factors of 2401591.
23, 104417
List the prime factors of 1007514.
2, 3, 223, 251
List the prime factors of 1183279.
1183279
List the prime factors of 2440772.
2, 610193
What are the prime factors of 296649?
3, 10987
What are the prime factors of 4166869?
7, 595267
List the prime factors of 8280361.
167, 179, 277
List the prime factors of 31815367.
19, 1033, 1621
What are the prime factors of 283414?
2, 141707
List the prime factors of 1947083.
43, 45281
What are the prime factors of 8777989?
11, 139, 5741
What are the prime factors of 2358101?
277, 8513
List the prime factors of 2754489.
3, 719, 1277
List the prime factors of 613646.
2, 11, 27893
What are the prime factors of 11474487?
3, 67, 6343
List the prime factors of 273293.
67, 4079
What are the prime factors of 3413376?
2, 3, 2963
List the prime factors of 87654.
2, 3, 7, 2087
What are the prime factors of 12279410?
2, 5, 11, 13, 31, 277
What are the prime factors of 3546041?
3546041
What are the prime factors of 816882?
2, 3, 11, 12377
What are the prime factors of 294047?
13, 22619
What are the prime factors of 480536?
2, 7, 8581
What are the prime factors of 747400?
2, 5, 37, 101
List the prime factors of 464328.
2, 3, 6449
List the prime factors of 53037.
3, 71, 83
List the prime factors of 4117578.
2, 3, 191, 3593
List the prime factors of 4889203.
11, 444473
List the prime factors of 150750.
2, 3, 5, 67
List the prime factors of 3570218.
2, 1785109
What are the prime factors of 176451?
3, 11, 5347
What are the prime factors of 4460?
2, 5, 223
What are the prime factors of 175908?
2, 3, 107, 137
List the prime factors of 1293966.
2, 3, 71887
What are the prime factors of 7527930?
2, 3, 5, 349, 719
What are the prime factors of 18269?
18269
List the prime factors of 291397.
17, 61, 281
What are the prime factors of 16866629?
13, 347, 3739
List the prime factors of 827111.
31, 26681
What are the prime factors of 3196713?
3, 13, 81967
What are the prime factors of 16194893?
11, 13, 109, 1039
List the prime factors of 414676.
2, 103669
List the prime factors of 1535655.
3, 5, 11, 41, 227
What are the prime factors of 783460?
2, 5, 43, 911
What are the prime factors 